s digit of (839 - 1) + -10*(-8)/16?
3
Let q(x) = -33*x + 11. What is the units digit of q(-8)?
5
Let r(h) = 11*h**2 - 71*h - 67. What is the units digit of r(19)?
5
Let o = -12 - -17. Suppose 3*b - 5*b + 173 = 3*v, o = -b. What is the tens digit of v?
6
Let u be -1*5*(2 + -1). Let v(l) = 160*l + 652. Let w be v(-4). Let k = w + u. What is the units digit of k?
7
Suppose -5*i = -1781 - 1249. What is the units digit of i?
6
Let y(h) = -11*h + 31. What is the hundreds digit of y(-12)?
1
What is the tens digit of (-42)/((-49)/7)*60?
6
Let j(v) = 3*v**2 + 4*v + 1. Let i be j(-5). Let a be 38/5 - (-8)/20. Suppose -5*p + 376 = -3*u, -5*u + i + a = p. What is the units digit of p?
4
Let n = -279 - -2150. What is the tens digit of n?
7
Suppose -5*w - 2211 + 264 = -s, s = -2*w + 1968. What is the thousands digit of s?
1
Suppose -5*r - 4*z = -7747, 2386 + 5364 = 5*r + 5*z. What is the units digit of r?
7
Let g be 12/2*24/(-12). Let y be g/16 - (-357)/12. Let j = y - 3. What is the units digit of j?
6
Let i(j) = j + 1. Suppose 3*p + 2 = 8. Let x be i(p). What is the units digit of (x - 2) + 2 - -2?
5
Suppose b + 5*z + 5 + 1 = 0, -5*b = 5*z - 30. Suppose 0 = 4*q + b*q - 1534. What is the units digit of q?
8
Let t = -143 + 98. What is the units digit of 18/(-2 + (-100)/t)?
1
Let h be (-1 - 0)/(9/(-36)). Suppose -3*v = h*l - 85, 4*l = 5*v - 0*l - 195. What is the units digit of v?
5
What is the hundreds digit of ((-11)/((-66)/3284))/((-10)/(-15))?
8
Suppose 274 = 64*w - 164078. What is the units digit of w?
8
Let x = -38 - -43. Let o(p) be the second derivative of 4*p**3/3 + 2*p**2 + 3*p. What is the units digit of o(x)?
4
Let w be 0 - 4/2 - -54. Suppose w = 15*k - 16*k. Let s = -22 - k. What is the tens digit of s?
3
Let w = 23 + -23. Suppose 5*j - 83 + 3 = 0. Suppose p - j = -w*p. What is the units digit of p?
6
Let j = 9 + -6. Suppose -3*g + 30 = -5*x, -j*g = 2*g - 4*x - 37. Suppose -5*t = -g*p - 115, -2*t - 3*t - p + 97 = 0. What is the tens digit of t?
2
Suppose 0 = 6*u - 7*u + 42. Suppose -4*n + 4*t + u = -t, 0 = 3*t + 6. Suppose 186 = 5*i + 3*p, 3*p - n*p + 190 = 5*i. What is the tens digit of i?
3
Suppose -2*o + 6 = -4. Suppose -o*n + 50 = -65. What is the units digit of n?
3
Let f(h) = 1179 - 18*h - 1179. What is the tens digit of f(-1)?
1
What is the hundreds digit of 2166/4 - (-48)/(-32)?
5
Let x = 942 - 519. What is the hundreds digit of x?
4
Let v(h) = -h**2 - 15*h - 11. Let u = -1 + -8. What is the tens digit of v(u)?
4
Let z be 3 + -3 - -1 - 0. Let h be 1920/(-3) + (1 - z). What is the tens digit of h/(-35) + 4/(-14)?
1
Suppose -y + 0*y = -4*z + 17, 4*y + 3 = 3*z. Let r(h) = -2*h**2 - 5*h**2 + h**2 - y*h - 6 - h**3 - 5*h. What is the units digit of r(-5)?
9
Let v(j) = j**3 - 9*j**2 + 9*j - 5. Let q be v(8). Suppose q = -3*m + 2*m. What is the units digit of (-67*(m - -1))/2?
7
Suppose 13 = 3*u + 46. Let i be (u + 6)*(-4)/10. What is the tens digit of ((-21)/(-2))/(i/4)?
2
Suppose -3*y - 2*y = -2*k + 135, -k = 5*y + 150. Let z = y - -42. What is the units digit of z?
3
Suppose -5*h = 5*y, -h - 5*y + y = -6. Let r(t) = -t**2 - 5*t + 5. Let v be r(-6). What is the units digit of 13 + (v - (h + -1))?
5
Let i = -67 - -72. Suppose -504 = 2*q - i*q. What is the hundreds digit of q?
1
Suppose 3*x - n + 3 = x, x + 5*n - 15 = 0. Suppose x = -3*i + 51 + 303. What is the hundreds digit of i?
1
Let u = -25 - -25. Suppose 4*d + 3*q = 2*d - 13, u = -d - 3*q - 11. What is the units digit of (-1 - d)/(1/59)?
9
Suppose -y - 7*s = -3*s - 10, 2*s + 30 = 2*y. Suppose -18*u + 568 = -y*u. What is the hundreds digit of u?
1
Let y(r) = 2*r**2 + 7*r + 5. Let b be y(-2). Let d(a) = 32*a**2 + a. What is the tens digit of d(b)?
3
Suppose 31*x = 57206 - 6087. What is the hundreds digit of x?
6
Suppose 1952 = l + 3*l. What is the hundreds digit of l?
4
Let a(q) = -q**3 + 3*q**2 - q - 7. Suppose 4*h - 2*h = g + 3, -2*h = -3*g - 9. Let r be a(g). What is the units digit of ((-320)/r)/(1/(-5))?
2
Let g(w) = -12*w**3. Let x be g(-1). Suppose -10*t + x*t = 38. What is the units digit of t?
9
Let i(d) = -5*d**3 - 6*d**2 + 9*d + 1. Let t(q) = 14*q**3 + 17*q**2 - 26*q - 2. Let v(n) = -11*i(n) - 4*t(n). What is the units digit of v(-5)?
7
Let j = 55 - 47. Suppose 7*n = j*n - 71. What is the units digit of n?
1
Let n be (1 + (-4 - (-6 + -3)))*2. Let v(i) = 3*i + 73. What is the units digit of v(n)?
9
Let k(r) = 57*r**2 + 2*r + 4. Let n(f) = 114*f**2 + 4*f + 7. Let i(u) = -5*k(u) + 3*n(u). What is the tens digit of i(-1)?
5
Let w(g) be the third derivative of g**6/120 + 2*g**5/15 - 5*g**4/12 + g**3/6 + 4*g**2. Let r be w(-9). Suppose r*k - 5*k = 50. What is the tens digit of k?
1
Suppose h + 3*r - 3429 = 0, -4*h - 923 + 14564 = -3*r. What is the thousands digit of h?
3
Suppose 2*q = 6*q - 16. Suppose 10 = -d - 0*d + q*r, -r = -5*d + 45. Suppose 4*h = 5*v + d, 4*h - 24 = 2*v - 4*v. What is the units digit of v?
2
Suppose -6*a - 194 + 1028 = 0. Suppose 3*p - 7*p - 2*n + 172 = 0, -3*p - 4*n + a = 0. What is the tens digit of p?
4
Let w = 536 - 385. What is the hundreds digit of w?
1
Let p be (-19)/(-38) + 146/(-4). Let n = p + 50. What is the units digit of n?
4
Suppose 0 = -19*m + 13*m + 1278. What is the units digit of m?
3
Suppose -m + c = -1325, -5*c = -97 + 112. What is the hundreds digit of m?
3
Suppose -8*q + 4*q = -3012. What is the hundreds digit of q?
7
Suppose -2*j = 0, 2*j + 0*j = -b + 8. Let k be ((-2)/(-3))/(b/96). Suppose -k*z + 551 = 63. What is the units digit of z?
1
Let z = -4 + 9. Suppose 4*y + 34 = z*y. Suppose -3*m + 5*s = -126, 0 = -m + 2*m + s - y. What is the tens digit of m?
3
Suppose 0 = -3*x + 5*b + 50, -30 = -0*x - x - 5*b. Suppose -5*q + x = -15. Suppose f + 113 = 3*r, q*r - 2*f = 2*r + 190. What is the tens digit of r?
3
Let d be (0/(-2))/(-7 - -8). Suppose 3*t + 6 - 21 = d. Let q = 11 + t. What is the tens digit of q?
1
Suppose u - j - 129 = 199, -u - 4*j + 328 = 0. What is the tens digit of u?
2
Let y = 89 - 89. What is the tens digit of (y + -2)*114/(-4)?
5
Let k be 2*(-2*6)/(-2). Let z be 0*1/(-2) + (9 - -6). Let n = k + z. What is the units digit of n?
7
Suppose 24 = -2*r - 50. Let d = 21 - r. What is the units digit of d?
8
Suppose -3*o - o + 3*b = -26, 4*o - b = 22. Let s = 0 + 2. Suppose -s*z + 53 = p, 3*z + o*p - 80 = 10. What is the units digit of z?
5
Let n(g) = -g**3 + g**2 + 19*g + 5. Let q be n(5). Suppose 6*z - 5*z - 52 = q. What is the tens digit of z?
5
Suppose 0*i + 3963 = 3*i - 3*b, 1309 = i + 3*b. What is the thousands digit of i?
1
Let v(h) = h. Let x(d) = 3*d - 6. Let i(f) = 6*v(f) - 3*x(f). What is the tens digit of i(-7)?
3
Let w = 28 - 24. Suppose 0*y - d + 4 = -5*y, -d + 4 = -w*y. Suppose -4*k + 3*i + 150 = 0, 0 = -2*k - y*i + 2*i + 74. What is the units digit of k?
9
Let i be (-34)/1*(-3)/6. Let n = i + 2. What is the units digit of n?
9
Suppose -i = 2*i - 1152. What is the units digit of i?
4
Let a = 626 - 402. Suppose -26*m + 24*m + a = 0. What is the tens digit of m?
1
Let v be (3 - 10)*6/(-21). Suppose -3*l + 2*l - 3*p = 0, 3*l - 7 = -v*p. Suppose l*x = -x + 28. What is the units digit of x?
7
Suppose 0 = 5*p - 287 - 18. Let c = -43 + p. Suppose -4*w + 2*w = -c. What is the units digit of w?
9
Let n(c) = -c**3 + 2*c**2 + c + 7. Let d be n(3). Suppose 5*q = 21 - d. What is the tens digit of q/14 + 68/7?
1
Suppose 268*z = 277*z - 3015. What is the tens digit of z?
3
Suppose 3*z = 4*z + 15. What is the units digit of (-366)/z + (-10)/25?
4
Let r(k) = 811*k - 303. What is the hundreds digit of r(4)?
9
Let a be (10/4)/((-1)/(-2)). Suppose -686 = -a*x + 3*u, -5*u + 845 - 135 = 5*x. What is the tens digit of x?
3
Let c be (-4)/54*3 + (-77)/(-63). What is the tens digit of (696/32)/(c/4)?
8
What is the tens digit of 6/(-27) + (-15400)/(-45)?
4
Let p = -6 + 7. Suppose p = 3*c - 0*c + m, -5*c - m = -5. Suppose -4*h = -0*k + c*k - 12, 5*h - 2*k = 6. What is the units digit of h?
2
Suppose 24*c + 601 = 25*c. What is the units digit of c?
1
Suppose 8*n - 4603 = 5045. What is the tens digit of n?
0
Let i(r) = 31*r - 113. What is the units digit of i(6)?
3
Suppose -v = 2*f + 235, 2*v = -0*f + 4*f + 458. Let k = -18 - f. Suppose 2*x = k + 58. What is the tens digit of x?
7
Let v = 2180 - 946. What is the units digit of v?
4
What is the u